 = 0, 4*x - 5 = -i*y. Calculate the greatest common divisor of x and g.
5
Let w(m) = -m**2 - 5*m - 4. Let p = 5 - 8. Let s be w(p). Let f be 7*1 - (-4)/(-2). What is the highest common factor of s and f?
1
Let s(i) = i**2 + 19. Let r be s(0). What is the highest common factor of 171 and r?
19
Suppose 0 = 11*a - 7*a - 16. Suppose -3*m = u - 9 - a, 4*m - 3*u - 13 = 0. What is the highest common factor of 32 and m?
4
Let j(c) = -2*c + 7. Let g(r) = 4*r**3 + 2*r - 1. Let k be g(1). Let h be (5/k)/(2/(-14)). Let f be j(h). What is the highest common factor of 3 and f?
3
Let g(r) = -r**3 - 4*r**2 - 3*r + 2. Let s be g(-3). Suppose -2*a - 4 = -3*p - 4*a, s*p = -3*a - 4. What is the highest common factor of p and 8?
4
Suppose -g - 5 = 0, 3*g + 73 = z + z. Suppose -3*j - z = -2*y + y, 5*y - j = 215. Suppose -2*c + 0*c + 22 = 0. Calculate the highest common divisor of c and y.
11
Let s be 2/6*3 + -1. Suppose -4*p + 33 + 175 = s. What is the greatest common divisor of 13 and p?
13
Suppose -4*t + h + 26 = 0, -h + 0*h - 19 = -3*t. Let b(s) = 13*s - 4. Let n be b(3). What is the highest common factor of t and n?
7
Suppose -2 = 4*h - 206. Suppose -5*p + 23 + 62 = 0. What is the greatest common factor of h and p?
17
Suppose -13 + 40 = 3*t + 3*a, -3*t = a - 33. Calculate the highest common factor of 96 and t.
12
Suppose -16 = 5*y - 76. Let v(k) = -k**2 - 13*k + 18. Let z be 3*1/((-3)/14). Let t be v(z). Calculate the highest common divisor of t and y.
4
Let v be (-3 + -11 - 0)/(1/(-1)). Calculate the highest common divisor of v and 14.
14
Let q(b) = b**2 + 3*b - 4. Let g be q(-4). Suppose -a - 26 + 90 = g. Calculate the greatest common factor of a and 8.
8
Let x(s) = -20*s. Let z be x(-6). Calculate the highest common factor of 15 and z.
15
Let k(m) = 2*m + 12. Let p be k(9). Suppose -c - 4*c = 20. Let l = c + 14. What is the greatest common divisor of p and l?
10
Suppose z = -2*z - 2*l - 14, -2*z - 4*l - 4 = 0. Let k be -1 + -1 - (3 + z). Calculate the highest common factor of 2 and k.
1
Let n be (-1 - 12)/(3/69). Let u = n + 551. What is the greatest common divisor of 28 and u?
28
Let j = 188 + 52. Suppose -7*b + j = b. Suppose 3 = 4*s - 21. What is the greatest common divisor of s and b?
6
Suppose a + 60 = -3*a. Let n = -6 - a. Calculate the greatest common divisor of 72 and n.
9
Let t be (-2 - -1)*(-2)/(-1). Let i be ((-64)/6)/(t/6). Calculate the highest common divisor of 8 and i.
8
Let l = 18 + -9. Suppose -3*x + 24 = -11*x. Let b = x + l. Calculate the highest common divisor of b and 54.
6
Let w be 4*-1*(-2 - -1). Let g = 1 + w. Calculate the greatest common divisor of 10 and g.
5
Let m be ((-12)/(-20))/((-1)/(-5)). Suppose -4*h + 35 = m. What is the greatest common divisor of h and 8?
8
Let k = 12 - 5. What is the greatest common factor of 28 and k?
7
Let s be (-1)/(-1 - 2/(-3)). Suppose 5*c + 27 = b, 4*b - 7*c + 9*c - 42 = 0. Calculate the greatest common divisor of b and s.
3
Let c(x) = x**3 + 5*x**2 - 10*x - 12. Let k be c(-6). What is the highest common factor of k and 156?
12
Let a be (1 - (-3)/1)/1. Suppose -2*w + 2*f + a = f, -4*w = -f - 10. Suppose -w*y = -6*y + 45. What is the highest common factor of y and 6?
3
Suppose 0 = r - 5*o + 27 - 127, -3*r + 280 = -5*o. Calculate the greatest common factor of r and 60.
30
Let q be ((-1)/(-3))/((-5)/1335). Let m = -53 - q. Calculate the greatest common factor of m and 24.
12
Let v(f) = 24*f - 12. Let g be v(2). What is the greatest common divisor of 24 and g?
12
Suppose -j = -3 - 5. Let y(p) = 7*p**2 - 9*p + 4. Let a be y(3). What is the greatest common factor of j and a?
8
Suppose -21 = -3*c - 0*c. Calculate the highest common factor of 7 and c.
7
Let l(v) = v**2 - 1. Let b be l(4). Let y = b - 9. Let o(z) = 2*z - 9. Let d be o(y). Calculate the greatest common factor of 33 and d.
3
Suppose -5*d = 2 - 7, 5*b = -d + 241. Calculate the greatest common divisor of b and 12.
12
Suppose -3*i = -5*i + 3*m + 25, -2*i + 5*m = -35. Suppose -5*w + 15 = -i*y - 15, 15 = 3*w - 4*y. Calculate the greatest common divisor of w and 90.
9
Suppose 8*c - 4*c = 272. What is the highest common divisor of 34 and c?
34
Let l = -81 - -387. What is the greatest common divisor of 34 and l?
34
Suppose -2*g - 4*s + 0 = 2, -g + 19 = -3*s. Suppose -g*m + 36 = -4*m. What is the greatest common divisor of m and 30?
6
Let f = 4 + -7. Let a(r) = -9*r. Let q be a(f). Calculate the greatest common divisor of 18 and q.
9
Suppose -2*y + 1299 - 147 = -4*w, 0 = 3*w - 5*y + 850. Let h = -206 - w. What is the highest common divisor of h and 14?
14
Suppose 2*l - 138 = 8*l. Let o = l - -30. What is the greatest common divisor of o and 63?
7
Let j(u) = -2*u. Let a be j(-5). Let r be ((-8)/6 + 1)*-9. Let i = -1 + r. Calculate the highest common divisor of i and a.
2
Suppose -4*k - v + 6*v + 35 = 0, 5*k = 4*v + 46. Let s = -63 + 93. Calculate the highest common factor of k and s.
10
Suppose 0 = -22*a + 13*a + 72. Calculate the highest common factor of a and 56.
8
Suppose 2*q + 4*w = -38, -4*w + 31 = -q - 3*w. Let u be q/(-2) + 3/6. Let a be 2*-1*u*-1. What is the highest common factor of 4 and a?
4
Suppose 130 - 30 = 5*t. Let h(w) = -w**3 - 5*w**2 + 6*w + 4. Let u be h(-6). Calculate the highest common factor of u and t.
4
Let d(a) = -a**2 + 11*a - 8. Let s be d(8). What is the greatest common divisor of 80 and s?
16
Let g be (1*7)/(13/26). Calculate the greatest common divisor of g and 112.
14
Let q = 65 + 47. Calculate the greatest common divisor of q and 28.
28
Let r(k) = -k**3 + 15*k**2 - 17*k - 9. Let h be r(11). What is the highest common factor of 32 and h?
32
Let p be 6/(-2)*150/(-9). Let r be (12/15)/(4/p). Calculate the greatest common factor of r and 10.
10
Suppose 9 = 4*p - 3*p + n, -3*p + 2*n = -22. Let t(h) = -2*h**3 - 4*h**2 - 3*h - 4. Let y be t(-4). Calculate the highest common factor of y and p.
8
Let n = 12 + 74. Let y = n + 46. What is the greatest common factor of y and 12?
12
Suppose -w + 1 + 3 = 0. Let p(g) = -g**3 + 5*g**2 + 3*g - 9. Let q be p(w). What is the greatest common factor of q and 95?
19
Let l be (-3)/(-12) - (-546)/24. What is the highest common factor of 115 and l?
23
Suppose 3*s - 7 + 4 = 0. Suppose 3*k - 89 = s. What is the greatest common factor of 6 and k?
6
Let i be 160 - (-3 + (4 - 2)). Calculate the greatest common divisor of i and 23.
23
Let c(j) = -j**2 + 2*j + 3. Let g be c(0). Let p = -2 + 5. What is the greatest common divisor of g and p?
3
Suppose 2 = q - 2. Suppose 0 = q*u - 34 - 2. Calculate the highest common factor of u and 9.
9
Suppose 4*h = -1 + 17. Let u be 4*(-2)/h*-2. Suppose -7 + 19 = 3*p. What is the highest common factor of u and p?
4
Let o = -66 + 94. What is the highest common factor of 98 and o?
14
Let d = -8 + 10. Calculate the greatest common factor of 6 and d.
2
Let v = 6 - 16. Let z = v + 16. Calculate the greatest common divisor of 66 and z.
6
Suppose 2*a + 5 - 29 = 0. What is the greatest common factor of 30 and a?
6
Let o(r) = 2*r + 2. Suppose 5*t - 1 = 4. Let d be (t + -21)*2/(-8). Let b be o(d). What is the highest common factor of 8 and b?
4
Suppose 0*k = k - 10. Let r be ((-98)/(-6) - 3)*3. Calculate the highest common factor of k and r.
10
Suppose 11 = 3*g - d, g - 6*g = 4*d - 41. Suppose -2*i + g = -11. What is the greatest common factor of 8 and i?
8
Suppose 0 = 117*x - 112*x - 240. What is the greatest common divisor of x and 48?
48
Let h be (-22)/(-6)*21/1. Let k(g) = g**2 - 2*g - 4. Let u be k(5). Calculate the greatest common factor of h and u.
11
Suppose -4*j = 4, -3*w + 3*j + 50 = 4*j. Let g = -148 + 216. Calculate the highest common divisor of g and w.
17
Let t(r) = r**2 + 6*r + 6. Let o be t(-7). Let a = -114 - -218. What is the highest common factor of a and o?
13
Suppose -v - 7*v + 24 = 0. Calculate the highest common factor of v and 21.
3
Let o(q) = -q**3 + 18 - q**2 + 7 + 20. Let h be o(0). Suppose 2*g - 4 = 3*j - 11, -g = -5*j + 21. Calculate the highest common factor of j and h.
5
Suppose b = -8*b + 180. What is the highest common divisor of 80 and b?
20
Let p(y) = -y**3 - 11*y**2 + 3*y + 15. Let i be p(-11). Let q = i + 62. Let b = -5 + 9. Calculate the highest common divisor of b and q.
4
Let z be ((-14)/(-3))/(3/36). Let c = 6 + -4. Suppose 5 = -v + 